st the prime factors of o(-7).
2
List the prime factors of (6*6 - 1) + -2.
3, 11
Let n(v) = v**3 - 7*v**2 + 7*v - 3. Let j be n(6). Suppose j*y - 21 = 30. What are the prime factors of y?
17
Let o = 97 - 67. List the prime factors of o.
2, 3, 5
Let v be -4*(147/12)/7. Let y(l) = -l**3 - 7*l**2 - l + 2. List the prime factors of y(v).
3
Suppose -2*s = -2*i - 4, i - 6 + 4 = 0. Let q be -1 - -1 - (s + -6). Let z = 1 + q. List the prime factors of z.
3
Suppose 5*p - 84 = p. Let v be 6/p + (-150)/(-14). Let r = v + 5. What are the prime factors of r?
2
Suppose 0 = 2*y - 3*y. Let s = -5 - -9. Suppose w - 2*w + s = y. What are the prime factors of w?
2
Suppose -w + 2 = -8. Let x be (w/(-8))/((-2)/8). Suppose -2*i + 21 = -z, 0 = -3*i + x*i + 4*z - 36. What are the prime factors of i?
2, 3
Let t be (3/9)/((-4)/(-60)). Suppose 4*m + t*p = 80, -2*p = 4*m - 142 + 50. List the prime factors of m.
5
Let u = -5 + 3. Let s(y) be the second derivative of -y**3/2 + 9*y. What are the prime factors of s(u)?
2, 3
Suppose 2*l = 5*l + 57. Let u be l/(-2) - 4/(-8). Suppose -3*t + 31 - u = 0. List the prime factors of t.
7
Let k(u) = 6*u - 5*u**2 + 5*u**3 - 5*u**3 + 0*u**3 + u**3. List the prime factors of k(4).
2
Let f be 1/1*30 + 0. Suppose 6 + f = 4*d. List the prime factors of d.
3
Let n be 59/3 - (-6)/(-9). Let l(z) = -z + 44. What are the prime factors of l(n)?
5
Suppose 4*v = 7*v + 111. Let y = v - -65. List the prime factors of y.
2, 7
Let q = 4 + 21. List the prime factors of q.
5
Suppose 2*g + p = -1, g + p + 3 = -0*p. List the prime factors of g.
2
What are the prime factors of (-117 + 6)*(-14)/6?
7, 37
Let k(q) = 2*q + 8. Let v be k(-4). Let b(s) be the first derivative of -s**2/2 + 2*s + 1. What are the prime factors of b(v)?
2
Let z be 562/7 + (-2)/7. Suppose -4*f + 3*f + 4*g - 6 = 0, -2*g = 5*f - z. List the prime factors of f.
2, 7
Let f be 1/2*2*22. Let m = 5 - 3. Suppose -f = m*z - 4*z. What are the prime factors of z?
11
Let z(m) = m**3 - m**2 + 3*m. Let v be z(4). Suppose 0*h = 4*h + v. Let f = h - -24. What are the prime factors of f?
3
Suppose 2*d = 76 + 50. Suppose -d = 5*l - 263. What are the prime factors of l?
2, 5
What are the prime factors of 2/(-3)*84/(-8)?
7
Suppose 9*i = 4*i. Suppose 3*n + 5*d - 15 = i, -4*n - 5*d + 20 = -0*n. Let k(b) = b**3 - 5*b**2 + b + 5. List the prime factors of k(n).
2, 5
Let c(r) = -2*r - 1. Let q be c(-2). Suppose 5*d + l = -18, 2*l + 18 = -d - q*l. Let v(a) = a**3 + 6*a**2 + 3*a + 3. What are the prime factors of v(d)?
3, 7
Suppose z + d + 77 = 4*z, -4*z + 96 = 2*d. Let s = 56 - z. What are the prime factors of s?
31
Let y = -27 + 45. List the prime factors of 170/7 + y/(-63).
2, 3
Suppose -4*p + 27 = 5*k - 44, 3*k + 3*p = 42. List the prime factors of k.
3, 5
Let o(m) = m**3 - 10*m - 6. Let v(w) = -w**2 - w. Let d(p) = o(p) - 6*v(p). List the prime factors of d(-6).
2, 3
Suppose 3*i - 2*u = -16, -10 = 4*i - u + 4*u. Let g(x) = x - 1. Let v(w) = -7*w + 10. Let o(t) = 5*g(t) + v(t). List the prime factors of o(i).
13
Let p = -9 - -11. Suppose -4*g + 2*g = 3*n - 9, -1 = p*n - g. Suppose -n = 4*u - 17. List the prime factors of u.
2
Let j(s) = -2*s**2 - 50*s + 7. What are the prime factors of j(-19)?
5, 47
Let y be (-4)/24 - 31/(-6). Suppose -12 - 13 = -y*n. List the prime factors of n.
5
Suppose -5*x + 894 = -2*x. What are the prime factors of x?
2, 149
Let q = 23 + -15. Suppose -5*h - q = -9*h. Suppose -h*j - 22 - 2 = -5*x, -15 = -5*j. List the prime factors of x.
2, 3
Suppose 9 = -3*x - 18. What are the prime factors of (-24)/x + 3/9?
3
Let x(o) = -2. Let g(w) = w - 2. Let k(d) = -2*g(d) + 3*x(d). Let s be k(-3). What are the prime factors of (9/(-2))/((-2)/s)?
3
Let r be (-18)/(-14) - (-4)/(-14). Let h be (-7)/r - (0 - -1). Let t = h - -20. What are the prime factors of t?
2, 3
Suppose -5*b = 1 - 21. Suppose b*p - 2 = 10. List the prime factors of -2*(p/(-2) - 1).
5
Let a = 414 + -229. What are the prime factors of a?
5, 37
Let b(q) = 5*q + 3. Let z be b(7). Suppose -2*m + z = -0*m. What are the prime factors of m?
19
What are the prime factors of (25 + -33)/(2/(-28))?
2, 7
Suppose 3*w + 52 = -w. Let g(t) = t**2 + 12*t + 11. What are the prime factors of g(w)?
2, 3
Suppose -213 = -5*r - 33. What are the prime factors of r?
2, 3
Let l(j) = j - 11. What are the prime factors of l(14)?
3
Let w be 2*(-23)/(-2)*1. Suppose -3*g + w + 34 = 0. Suppose -j - g = -2*j + 3*i, 3*j - 5*i = 49. List the prime factors of j.
13
Let d = 8 + -3. What are the prime factors of d?
5
Let q = 15 - 4. Let n = 0 + q. List the prime factors of n.
11
Let t(c) = c**2 + 3*c + 90. List the prime factors of t(0).
2, 3, 5
Suppose 2*f + 1 = j, 6*j = f + 2*j - 3. Let h = f - -14. Suppose i = 7*m - 2*m - h, i = -4*m + 23. What are the prime factors of i?
7
Suppose -n = -4*n. Suppose -4*c + 20 = -n*c. What are the prime factors of c?
5
Suppose 5*i + 9 - 44 = 0. Let f = -3 + i. List the prime factors of f.
2
Let c(z) = z**2 + 11*z + 15. What are the prime factors of c(-12)?
3
Suppose 0*h = -4*h + 148. What are the prime factors of h?
37
Let l(h) = h**2 + 4*h + 3. Let y be l(-5). What are the prime factors of 24*2/y*2?
2, 3
Let q = 0 + 3. Suppose q*o - 3*r - 5 = 4, -2*r = -8. List the prime factors of o.
7
Let i(s) = 4*s - 3. Let o be i(2). Suppose -21 = 3*l + 2*f, -3*f = o*l + 2*f + 30. Let n(h) = -2*h - 11. List the prime factors of n(l).
7
Let p = 22 + -13. Suppose -p*s = -4*s - 45. List the prime factors of s.
3
Let t = -1 + 6. Suppose -4*a = -5*j - 18 - t, -1 = 2*a - 5*j. List the prime factors of a.
2, 3
Let y(v) = 3*v**3 + v**2 + v - 1. Suppose 3 = -3*u + 6*u. What are the prime factors of y(u)?
2
What are the prime factors of ((-84)/36)/((-2)/24)?
2, 7
Let m(c) = c**3 - 9*c**2 + c - 7. Let h be m(9). Suppose -h*x + 19 = -19. Suppose -r = 5*p + x, 0*p - 10 = 2*p. What are the prime factors of r?
2, 3
Suppose -27 = -3*x - 2*x - c, 3*x + 2*c = 19. Suppose 8 = 2*t - x*f - 1, 0 = -3*f - 3. List the prime factors of (-2)/(-4) + 9/t.
5
Let i = -235 - -352. List the prime factors of i.
3, 13
Suppose 4*f - 163 - 1361 = 0. List the prime factors of f.
3, 127
Let b = -2 + 2. Let h(z) = -z - 4. Let r be h(b). Let j(l) = -l**2 - 6*l - 2. What are the prime factors of j(r)?
2, 3
Let z(v) = 24*v**2 - 1. List the prime factors of z(-2).
5, 19
Let p(y) = -y - 18. Let v be p(-8). Suppose -3*q = -z - 32 - 14, 0 = -2*q - 3*z + 38. Let n = q + v. List the prime factors of n.
2, 3
Suppose 0*r + 2*r - 28 = 0. Suppose 3*s + 2 = r. Suppose -g + 10 = 2*j, -4*g + 53 = -9*j + s*j. What are the prime factors of g?
2, 3
What are the prime factors of 2/3 + (-182)/(-6)?
31
Let o = -27 - -16. Let c = 9 - o. What are the prime factors of c?
2, 5
Let m = 21 + 17. Suppose 4*s + 16 = 3*c, -12 = -2*c + s + 3*s. Suppose -m = -2*x + 4*i, 3*x - c*i - 56 = -x. What are the prime factors of x?
3
Let v(r) = -r**2 - 8*r - 6. Let f(h) = h**3 + 5*h**2 - 8*h - 9. Let b be f(-6). Let m be 6/b + -9 + 1. What are the prime factors of v(m)?
2, 3
Let f = -8 + 9. Let d = f - -6. Suppose 0 = 5*y - 8 - d. What are the prime factors of y?
3
What are the prime factors of (-2 + -58)/((-27)/21 + 1)?
2, 3, 5, 7
Let h be 1 + 0 - -2 - 1. Suppose 4*v - h*v = 10. What are the prime factors of v?
5
Let c = -19 - -38. What are the prime factors of (c/3)/((-3)/(-9))?
19
Let t(c) = -c**2 - 21*c + 11. What are the prime factors of t(-18)?
5, 13
Let l be (-15 + 0)*1/(-3). Suppose 0 = -t - l*x - 10, -3*x = -4*t - 2*x + 2. Suppose g - 6*g + 20 = t. List the prime factors of g.
2
Suppose 4*q + 4*i = 80, 4*q - 4*i = 65 + 47. Suppose -r = -0*r + 16. Let f = r + q. What are the prime factors of f?
2
Suppose 0 = -5*p - 0*p + 10. Suppose -4*i - 6 - p = 0, 5*u - 4*i = 68. List the prime factors of u.
2, 3
Suppose 0*a + 11*a - 605 = 0. What are the prime factors of a?
5, 11
Suppose 3*y - 8 + 2 = 0. Suppose 0 = -3*c - 5*r + 32, 12*c - 16*c + 5*r = 4. Suppose -34 = -c*n + y*n. What are the prime factors of n?
17
Let n be 10/(-2) + 15/5. List the prime factors of n/(-5) - (-309)/15.
3, 7
List the prime factors of (-146)/(-2) + -5 + 2.
2, 5, 7
Let c(w) = w**3 - 4*w**2 + 2*w + 5. Let t be c(5). Suppose g - t = 5*g. List the prime factors of (-24)/(-30)*g/(-4).
2
Suppose 0 = -5*m + 16*m - 781. List the prime factors of 